{"id":1883,"date":"2025-06-16T16:58:55","date_gmt":"2025-06-16T14:58:55","guid":{"rendered":"https:\/\/yuntas.eu\/?post_type=videos-co2rk&#038;p=1883"},"modified":"2025-06-16T17:46:23","modified_gmt":"2025-06-16T15:46:23","slug":"la-agencia-de-medio-ambiente-amaya-en-el-proyecto-life-co2rk","status":"publish","type":"videos-co2rk","link":"https:\/\/yuntas.eu\/pt-pt\/videos-co2rk\/la-agencia-de-medio-ambiente-amaya-en-el-proyecto-life-co2rk\/","title":{"rendered":"La Agencia de Medio Ambiente AMAYA en el proyecto LIFE CO2RK"},"content":{"rendered":"\n<p>David Gimeno, gerente de AMAYA en la provincia de C\u00e1diz, explica el papel de la Agencia en la gestaci\u00f3n y le ejecuci\u00f3n del proyecto LIFE CO2RK.<\/p>\n","protected":false},"featured_media":1906,"template":"","class_list":["post-1883","videos-co2rk","type-videos-co2rk","status-publish","has-post-thumbnail","hentry"],"acf":[],"_links":{"self":[{"href":"https:\/\/yuntas.eu\/pt-pt\/wp-json\/wp\/v2\/videos-co2rk\/1883","targetHints":{"allow":["GET"]}}],"collection":[{"href":"https:\/\/yuntas.eu\/pt-pt\/wp-json\/wp\/v2\/videos-co2rk"}],"about":[{"href":"https:\/\/yuntas.eu\/pt-pt\/wp-json\/wp\/v2\/types\/videos-co2rk"}],"wp:featuredmedia":[{"embeddable":true,"href":"https:\/\/yuntas.eu\/pt-pt\/wp-json\/wp\/v2\/media\/1906"}],"wp:attachment":[{"href":"https:\/\/yuntas.eu\/pt-pt\/wp-json\/wp\/v2\/media?parent=1883"}],"curies":[{"name":"wp","href":"https:\/\/api.w.org\/{rel}","templated":true}]}}

<p>David Gimeno, gerente de AMAYA en la provincia de Cádiz, explica el papel de la Agencia en la gestación y le ejecución del proyecto LIFE CO2RK.</p>
