{"id":1880,"date":"2025-06-16T16:55:12","date_gmt":"2025-06-16T14:55:12","guid":{"rendered":"https:\/\/yuntas.eu\/?post_type=videos-co2rk&#038;p=1880"},"modified":"2025-06-16T17:42:23","modified_gmt":"2025-06-16T15:42:23","slug":"el-sistema-andaluz-de-compensacion-de-emisiones","status":"publish","type":"videos-co2rk","link":"https:\/\/yuntas.eu\/pt-pt\/videos-co2rk\/el-sistema-andaluz-de-compensacion-de-emisiones\/","title":{"rendered":"El Sistema Andaluz de Compensaci\u00f3n de Emisiones"},"content":{"rendered":"\n<p>Ana Bel\u00e9n Pinilla (Oficina Andaluza de Cambio Clim\u00e1tico) explica en qu\u00e9 consiste el SACE.<\/p>\n\n\n\n<p><\/p>\n","protected":false},"featured_media":1902,"template":"","class_list":["post-1880","videos-co2rk","type-videos-co2rk","status-publish","has-post-thumbnail","hentry"],"acf":[],"_links":{"self":[{"href":"https:\/\/yuntas.eu\/pt-pt\/wp-json\/wp\/v2\/videos-co2rk\/1880","targetHints":{"allow":["GET"]}}],"collection":[{"href":"https:\/\/yuntas.eu\/pt-pt\/wp-json\/wp\/v2\/videos-co2rk"}],"about":[{"href":"https:\/\/yuntas.eu\/pt-pt\/wp-json\/wp\/v2\/types\/videos-co2rk"}],"wp:featuredmedia":[{"embeddable":true,"href":"https:\/\/yuntas.eu\/pt-pt\/wp-json\/wp\/v2\/media\/1902"}],"wp:attachment":[{"href":"https:\/\/yuntas.eu\/pt-pt\/wp-json\/wp\/v2\/media?parent=1880"}],"curies":[{"name":"wp","href":"https:\/\/api.w.org\/{rel}","templated":true}]}}

El Sistema Andaluz de Compensación de Emisiones

<p>Ana Belén Pinilla (Oficina Andaluza de Cambio Climático) explica en qué consiste el SACE.</p>



<p></p>
