{"id":362,"date":"2024-04-30T12:02:20","date_gmt":"2024-04-30T10:02:20","guid":{"rendered":"https:\/\/staging-yuntas-eu.stackstaging.com\/?post_type=acciones-co2rk&#038;p=362"},"modified":"2025-10-09T13:59:34","modified_gmt":"2025-10-09T11:59:34","slug":"trabajos-de-campo-para-tipificacion-del-monte-alcornocal","status":"publish","type":"acciones-co2rk","link":"https:\/\/yuntas.eu\/pt-pt\/life-co2rk-actions\/trabajos-de-campo-para-tipificacion-del-monte-alcornocal\/","title":{"rendered":"Trabajos de campo para Tipificaci\u00f3n del Monte Alcornocal"},"content":{"rendered":"\n<p>El objetivo es la definici\u00f3n de las tipolog\u00edas de alcornocal presentes en estas zonas y la caracterizaci\u00f3n de su estructura y din\u00e1mica para la definici\u00f3n de esquemas de gesti\u00f3n (itinerarios selv\u00edcolas) adaptados a cada tipolog\u00eda que maximicen la capacidad de secuestro de carbono de estas formaciones forestales.&nbsp;<\/p>\n\n\n\n<p>Los alcornocales, junto con los encinares, son los bosques mediterr\u00e1neos m\u00e1s caracter\u00edsticos de la Pen\u00ednsula Ib\u00e9rica y, posiblemente, de los m\u00e1s importantes desde el punto de vista econ\u00f3mico.&nbsp;&nbsp;Adem\u00e1s, los alcornocales mediterr\u00e1neos son ecosistemas de alto valor ecol\u00f3gico, proporcionando numerosos bienes y servicios ecosist\u00e9micos, por lo que su conservaci\u00f3n debe ser prioritaria.<\/p>\n\n\n\n<p>El corcho es el principal producto del alcornoque, pero los alcornocales brindan otros productos y servicios ecosist\u00e9micos directos&nbsp;como suministro de le\u00f1as, aprovechamientos cineg\u00e9ticos, provisi\u00f3n de recursos h\u00eddricos y otros productos forestales no madereros (hongos, bellotas, etc.), e indirectos, como la contribuci\u00f3n a la mitigaci\u00f3n de los efecto del cambio clim\u00e1tico, la absorci\u00f3n de carbono, la regulaci\u00f3n de los reg\u00edmenes h\u00eddricos, la conservaci\u00f3n y mejora del suelo, reducci\u00f3n de los impactos de los incendios forestales, la conservaci\u00f3n de biodiversidad, la regulaci\u00f3n de la calidad del aire, el control biol\u00f3gico o el fomento de los procesos de polinizaci\u00f3n, entre otros.<\/p>\n\n\n\n<figure class=\"wp-block-image alignwide size-full\"><img loading=\"lazy\" decoding=\"async\" width=\"805\" height=\"450\" src=\"https:\/\/yuntas.eu\/wp-content\/uploads\/2025\/08\/Alcornocal-degradado-scaled-2.webp\" alt=\"Alcornocal degradado\" class=\"wp-image-2014\" srcset=\"https:\/\/yuntas.eu\/wp-content\/uploads\/2025\/08\/Alcornocal-degradado-scaled-2.webp 805w, https:\/\/yuntas.eu\/wp-content\/uploads\/2025\/08\/Alcornocal-degradado-scaled-2-300x168.webp 300w, https:\/\/yuntas.eu\/wp-content\/uploads\/2025\/08\/Alcornocal-degradado-scaled-2-768x429.webp 768w, https:\/\/yuntas.eu\/wp-content\/uploads\/2025\/08\/Alcornocal-degradado-scaled-2-600x335.webp 600w\" sizes=\"auto, (max-width: 805px) 100vw, 805px\" \/><\/figure>\n\n\n\n<p class=\"has-text-align-right\"><em><strong>Ejemplo de alcornocal degradado: todos los \u00e1rboles tienen la misma edad, no hay reemplazo<\/strong><\/em><\/p>\n\n\n\n<p>La gesti\u00f3n forestal (selvicultura) resulta fundamental para el mantenimiento de las masas de alcornocal y sus servicios ecosist\u00e9micos asociados y, en el contexto actual de cambio clim\u00e1tico, es necesario incorporar en la gesti\u00f3n del monte alcornocal nuevas t\u00e9cnicas y metodolog\u00edas innovadoras que permitan afrontar este desaf\u00edo y garanticen la sostenibilidad ambiental, econ\u00f3mica y social de nuestros alcornocales. Pero esta gesti\u00f3n forestal, adem\u00e1s, debe estar adaptada a las caracter\u00edsticas propias de cada tipolog\u00eda de alcornocal, su din\u00e1mica ecol\u00f3gica y los objetivos de gesti\u00f3n establecidos.&nbsp;El trabajo de recopilaci\u00f3n de datos de campo y bibliogr\u00e1ficos realizado por el equipo t\u00e9cnico del <a href=\"https:\/\/yuntas.eu\/life-co2rk\/\"><strong>proyecto Life CO2RK<\/strong><\/a> ha permitido la clasificaci\u00f3n de las masas de alcornocal en seis tipolog\u00edas distintas que abarcan y agrupan la mayor\u00eda de las masas de alcornocales presentes en la zona de intervenci\u00f3n del proyecto. Las tipolog\u00edas definidas con las siguientes:<\/p>\n\n\n\n<ol class=\"wp-block-list\">\n<li>Alcornocales puros y mixtos no degradados.<\/li>\n\n\n\n<li>Alcornocales degradados.<\/li>\n\n\n\n<li>Dehesa y montados de alcornoque.<\/li>\n\n\n\n<li>Pinar con subpiso de alcornoque.<\/li>\n\n\n\n<li>Plantaciones de alcornoque.<\/li>\n\n\n\n<li>Manchas de alcornoque.<\/li>\n<\/ol>\n\n\n\n<p><\/p>\n\n\n\n<h3 class=\"wp-block-heading\">Siguientes pasos<\/h3>\n\n\n\n<p>Para cada una de estas tipolog\u00edas se definir\u00e1n esquemas de gesti\u00f3n forestal espec\u00edficos y orientados a la maximizaci\u00f3n de la capacidad de secuestro de carbono (CO<sub>2<\/sub>) manteniendo la provisi\u00f3n del resto de productos y servicios actuales, definiendo las actuaciones a realizar para un per\u00edodo de gesti\u00f3n determinado.&nbsp;&nbsp;El CO<sub>2<\/sub>&nbsp;es el principal gas de efecto invernadero y estas medidas servir\u00e1n para retirarlo de la atmosfera y almacenarlo en los ecosistemas forestales como medida de mitigaci\u00f3n de los efectos del cambio clim\u00e1tico. Adem\u00e1s, se definir\u00e1 un est\u00e1ndar de <a href=\"https:\/\/yuntas.eu\/life-co2rk\/\">compensaci\u00f3n de emisiones de gases de efecto invernadero<\/a> que permita la valorizaci\u00f3n econ\u00f3mica del carbono fijado a trav\u00e9s de estas actuaciones forestales, del que puedan beneficiarse los propietarios que adopten e implementen dichos esquemas de gesti\u00f3n.<\/p>\n\n\n\n<figure class=\"wp-block-image size-full\"><img loading=\"lazy\" decoding=\"async\" width=\"1000\" height=\"563\" src=\"https:\/\/yuntas.eu\/wp-content\/uploads\/2025\/08\/Alcornocal-Aljibe_web-1024x576-2.webp\" alt=\"Alcornocal Aljibe\" class=\"wp-image-2010\" srcset=\"https:\/\/yuntas.eu\/wp-content\/uploads\/2025\/08\/Alcornocal-Aljibe_web-1024x576-2.webp 1000w, https:\/\/yuntas.eu\/wp-content\/uploads\/2025\/08\/Alcornocal-Aljibe_web-1024x576-2-300x169.webp 300w, https:\/\/yuntas.eu\/wp-content\/uploads\/2025\/08\/Alcornocal-Aljibe_web-1024x576-2-768x432.webp 768w, https:\/\/yuntas.eu\/wp-content\/uploads\/2025\/08\/Alcornocal-Aljibe_web-1024x576-2-600x338.webp 600w\" sizes=\"auto, (max-width: 1000px) 100vw, 1000px\" \/><\/figure>\n\n\n\n<p><\/p>\n\n\n\n<p><\/p>\n\n\n\n<h4 class=\"wp-block-heading\"><\/h4>\n","protected":false},"excerpt":{"rendered":"<p>Desde el mes de Diciembre, un equipo compuesto por t\u00e9cnicos de la Universidad de C\u00f3rdoba, IDAF, YUNTAS y el Parque Natural de Los Alcornocales realiza trabajos de campo para establecer las caracter\u00edsticas forestales y ambientales del alcornocal y clasificarlo en tipolog\u00edas homog\u00e9neas<\/p>\n","protected":false},"featured_media":481,"template":"","class_list":["post-362","acciones-co2rk","type-acciones-co2rk","status-publish","has-post-thumbnail","hentry"],"acf":[],"_links":{"self":[{"href":"https:\/\/yuntas.eu\/pt-pt\/wp-json\/wp\/v2\/acciones-co2rk\/362","targetHints":{"allow":["GET"]}}],"collection":[{"href":"https:\/\/yuntas.eu\/pt-pt\/wp-json\/wp\/v2\/acciones-co2rk"}],"about":[{"href":"https:\/\/yuntas.eu\/pt-pt\/wp-json\/wp\/v2\/types\/acciones-co2rk"}],"wp:featuredmedia":[{"embeddable":true,"href":"https:\/\/yuntas.eu\/pt-pt\/wp-json\/wp\/v2\/media\/481"}],"wp:attachment":[{"href":"https:\/\/yuntas.eu\/pt-pt\/wp-json\/wp\/v2\/media?parent=362"}],"curies":[{"name":"wp","href":"https:\/\/api.w.org\/{rel}","templated":true}]}}

Trabajos de campo para Tipificación del Monte Alcornocal

<p>El objetivo es la definición de las tipologías de alcornocal presentes en estas zonas y la caracterización de su estructura y dinámica para la definición de esquemas de gestión (itinerarios selvícolas) adaptados a cada tipología que maximicen la capacidad de secuestro de carbono de estas formaciones forestales.&nbsp;</p>



<p>Los alcornocales, junto con los encinares, son los bosques mediterráneos más característicos de la Península Ibérica y, posiblemente, de los más importantes desde el punto de vista económico.&nbsp;&nbsp;Además, los alcornocales mediterráneos son ecosistemas de alto valor ecológico, proporcionando numerosos bienes y servicios ecosistémicos, por lo que su conservación debe ser prioritaria.</p>



<p>El corcho es el principal producto del alcornoque, pero los alcornocales brindan otros productos y servicios ecosistémicos directos&nbsp;como suministro de leñas, aprovechamientos cinegéticos, provisión de recursos hídricos y otros productos forestales no madereros (hongos, bellotas, etc.), e indirectos, como la contribución a la mitigación de los efecto del cambio climático, la absorción de carbono, la regulación de los regímenes hídricos, la conservación y mejora del suelo, reducción de los impactos de los incendios forestales, la conservación de biodiversidad, la regulación de la calidad del aire, el control biológico o el fomento de los procesos de polinización, entre otros.</p>



<figure class="wp-block-image alignwide size-full"><img loading="lazy" decoding="async" width="805" height="450" src="https://yuntas.eu/wp-content/uploads/2025/08/Alcornocal-degradado-scaled-2.webp" alt="Alcornocal degradado" class="wp-image-2014" srcset="https://yuntas.eu/wp-content/uploads/2025/08/Alcornocal-degradado-scaled-2.webp 805w, https://yuntas.eu/wp-content/uploads/2025/08/Alcornocal-degradado-scaled-2-300x168.webp 300w, https://yuntas.eu/wp-content/uploads/2025/08/Alcornocal-degradado-scaled-2-768x429.webp 768w, https://yuntas.eu/wp-content/uploads/2025/08/Alcornocal-degradado-scaled-2-600x335.webp 600w" sizes="auto, (max-width: 805px) 100vw, 805px" /></figure>



<p class="has-text-align-right"><em><strong>Ejemplo de alcornocal degradado: todos los árboles tienen la misma edad, no hay reemplazo</strong></em></p>



<p>La gestión forestal (selvicultura) resulta fundamental para el mantenimiento de las masas de alcornocal y sus servicios ecosistémicos asociados y, en el contexto actual de cambio climático, es necesario incorporar en la gestión del monte alcornocal nuevas técnicas y metodologías innovadoras que permitan afrontar este desafío y garanticen la sostenibilidad ambiental, económica y social de nuestros alcornocales. Pero esta gestión forestal, además, debe estar adaptada a las características propias de cada tipología de alcornocal, su dinámica ecológica y los objetivos de gestión establecidos.&nbsp;El trabajo de recopilación de datos de campo y bibliográficos realizado por el equipo técnico del <a href="https://yuntas.eu/life-co2rk/"><strong>proyecto Life CO2RK</strong></a> ha permitido la clasificación de las masas de alcornocal en seis tipologías distintas que abarcan y agrupan la mayoría de las masas de alcornocales presentes en la zona de intervención del proyecto. Las tipologías definidas con las siguientes:</p>



<ol class="wp-block-list">
<li>Alcornocales puros y mixtos no degradados.</li>



<li>Alcornocales degradados.</li>



<li>Dehesa y montados de alcornoque.</li>



<li>Pinar con subpiso de alcornoque.</li>



<li>Plantaciones de alcornoque.</li>



<li>Manchas de alcornoque.</li>
</ol>



<p></p>



<h3 class="wp-block-heading">Siguientes pasos</h3>



<p>Para cada una de estas tipologías se definirán esquemas de gestión forestal específicos y orientados a la maximización de la capacidad de secuestro de carbono (CO<sub>2</sub>) manteniendo la provisión del resto de productos y servicios actuales, definiendo las actuaciones a realizar para un período de gestión determinado.&nbsp;&nbsp;El CO<sub>2</sub>&nbsp;es el principal gas de efecto invernadero y estas medidas servirán para retirarlo de la atmosfera y almacenarlo en los ecosistemas forestales como medida de mitigación de los efectos del cambio climático. Además, se definirá un estándar de <a href="https://yuntas.eu/life-co2rk/">compensación de emisiones de gases de efecto invernadero</a> que permita la valorización económica del carbono fijado a través de estas actuaciones forestales, del que puedan beneficiarse los propietarios que adopten e implementen dichos esquemas de gestión.</p>



<figure class="wp-block-image size-full"><img loading="lazy" decoding="async" width="1000" height="563" src="https://yuntas.eu/wp-content/uploads/2025/08/Alcornocal-Aljibe_web-1024x576-2.webp" alt="Alcornocal Aljibe" class="wp-image-2010" srcset="https://yuntas.eu/wp-content/uploads/2025/08/Alcornocal-Aljibe_web-1024x576-2.webp 1000w, https://yuntas.eu/wp-content/uploads/2025/08/Alcornocal-Aljibe_web-1024x576-2-300x169.webp 300w, https://yuntas.eu/wp-content/uploads/2025/08/Alcornocal-Aljibe_web-1024x576-2-768x432.webp 768w, https://yuntas.eu/wp-content/uploads/2025/08/Alcornocal-Aljibe_web-1024x576-2-600x338.webp 600w" sizes="auto, (max-width: 1000px) 100vw, 1000px" /></figure>



<p></p>



<p></p>



<h4 class="wp-block-heading"></h4>

<p>Desde el mes de Diciembre, un equipo compuesto por técnicos de la Universidad de Córdoba, IDAF, YUNTAS y el Parque Natural de Los Alcornocales realiza trabajos de campo para establecer las características forestales y ambientales del alcornocal y clasificarlo en tipologías homogéneas</p>
