{"id":1925,"date":"2025-06-16T17:55:55","date_gmt":"2025-06-16T15:55:55","guid":{"rendered":"https:\/\/yuntas.eu\/?post_type=videos-co2rk&#038;p=1925"},"modified":"2025-06-16T18:01:07","modified_gmt":"2025-06-16T16:01:07","slug":"compensacion-de-emisiones-y-restauracion-de-biodiversidad-amenazada","status":"publish","type":"videos-co2rk","link":"https:\/\/yuntas.eu\/it\/videos-co2rk\/compensacion-de-emisiones-y-restauracion-de-biodiversidad-amenazada\/","title":{"rendered":"Compensaci\u00f3n de Emisiones y restauraci\u00f3n de biodiversidad amenazada"},"content":{"rendered":"\n<p>Juan Manuel Fornell, director de LIFE CO2RK y del Parque Natural de los Alcornocales, explica la g\u00e9nesis de CO2RK y c\u00f3mo la capacidad de secuestro de CO2 es una oportunidad para recuperar el alcornocal como ecosistema y como explotaci\u00f3n forestal rentable y sostenible.<\/p>\n\n\n\n<p><\/p>\n","protected":false},"featured_media":1928,"template":"","class_list":["post-1925","videos-co2rk","type-videos-co2rk","status-publish","has-post-thumbnail","hentry"],"acf":[],"_links":{"self":[{"href":"https:\/\/yuntas.eu\/it\/wp-json\/wp\/v2\/videos-co2rk\/1925","targetHints":{"allow":["GET"]}}],"collection":[{"href":"https:\/\/yuntas.eu\/it\/wp-json\/wp\/v2\/videos-co2rk"}],"about":[{"href":"https:\/\/yuntas.eu\/it\/wp-json\/wp\/v2\/types\/videos-co2rk"}],"wp:featuredmedia":[{"embeddable":true,"href":"https:\/\/yuntas.eu\/it\/wp-json\/wp\/v2\/media\/1928"}],"wp:attachment":[{"href":"https:\/\/yuntas.eu\/it\/wp-json\/wp\/v2\/media?parent=1925"}],"curies":[{"name":"wp","href":"https:\/\/api.w.org\/{rel}","templated":true}]}}

Compensación de Emisiones y restauración de biodiversidad amenazada

<p>Juan Manuel Fornell, director de LIFE CO2RK y del Parque Natural de los Alcornocales, explica la génesis de CO2RK y cómo la capacidad de secuestro de CO2 es una oportunidad para recuperar el alcornocal como ecosistema y como explotación forestal rentable y sostenible.</p>



<p></p>
