{"id":1917,"date":"2025-06-16T17:52:14","date_gmt":"2025-06-16T15:52:14","guid":{"rendered":"https:\/\/yuntas.eu\/?post_type=videos-co2rk&#038;p=1917"},"modified":"2025-06-16T17:54:39","modified_gmt":"2025-06-16T15:54:39","slug":"la-oficina-de-cambio-climatico-de-andalucia-y-life-co2rk","status":"publish","type":"videos-co2rk","link":"https:\/\/yuntas.eu\/it\/videos-co2rk\/la-oficina-de-cambio-climatico-de-andalucia-y-life-co2rk\/","title":{"rendered":"La Oficina de Cambio Clim\u00e1tico de Andaluc\u00eda y LIFE CO2RK"},"content":{"rendered":"\n<p>Inmaculada Tola, directora de la Oficina de Cambio Clim\u00e1tico de Andaluc\u00eda y del SACE, explica c\u00f3mo se integra la labor de LIFE CO2RK y la del SACE, y c\u00f3mo funciona este Sistema Andaluz de Compensaci\u00f3n de Emisiones para las empresas.<\/p>\n\n\n\n<p><\/p>\n","protected":false},"featured_media":1920,"template":"","class_list":["post-1917","videos-co2rk","type-videos-co2rk","status-publish","has-post-thumbnail","hentry"],"acf":[],"_links":{"self":[{"href":"https:\/\/yuntas.eu\/it\/wp-json\/wp\/v2\/videos-co2rk\/1917","targetHints":{"allow":["GET"]}}],"collection":[{"href":"https:\/\/yuntas.eu\/it\/wp-json\/wp\/v2\/videos-co2rk"}],"about":[{"href":"https:\/\/yuntas.eu\/it\/wp-json\/wp\/v2\/types\/videos-co2rk"}],"wp:featuredmedia":[{"embeddable":true,"href":"https:\/\/yuntas.eu\/it\/wp-json\/wp\/v2\/media\/1920"}],"wp:attachment":[{"href":"https:\/\/yuntas.eu\/it\/wp-json\/wp\/v2\/media?parent=1917"}],"curies":[{"name":"wp","href":"https:\/\/api.w.org\/{rel}","templated":true}]}}

La Oficina de Cambio Climático de Andalucía y LIFE CO2RK

<p>Inmaculada Tola, directora de la Oficina de Cambio Climático de Andalucía y del SACE, explica cómo se integra la labor de LIFE CO2RK y la del SACE, y cómo funciona este Sistema Andaluz de Compensación de Emisiones para las empresas.</p>



<p></p>
