{"id":1607,"date":"2025-04-06T14:52:02","date_gmt":"2025-04-06T12:52:02","guid":{"rendered":"https:\/\/yuntas.eu\/?post_type=acciones-co2rk&#038;p=1607"},"modified":"2025-08-12T17:15:58","modified_gmt":"2025-08-12T15:15:58","slug":"life-co2rk-en-la-cop29","status":"publish","type":"acciones-co2rk","link":"https:\/\/yuntas.eu\/it\/life-co2rk-actions\/life-co2rk-en-la-cop29\/","title":{"rendered":"LIFE CO2RK en la COP29"},"content":{"rendered":"\n<p>El Presidente de la Junta de Andaluc\u00eda, Juan Manuel Moreno Bonilla, present\u00f3 el <a href=\"https:\/\/yuntas.eu\/life-co2rk\/\"><strong>proyecto LIFE CO2RK<\/strong><\/a> a la\u00a0<strong>Conferencia de las Naciones Unidas sobre el Cambio Clim\u00e1tico COP29\u00a0<\/strong>que se celebr\u00f3 en Bak\u00fa (Azerbay\u00e1n) entre el 11 y el 22 de Noviembre de 2024.<\/p>\n\n\n\n<p>CO2RK fue uno de los dos ejemplos de la pol\u00edtica de compensaci\u00f3n de emisiones que quiere desarrollar Andaluc\u00eda para liderar en Espa\u00f1a la Mitigaci\u00f3n del Cambio Clim\u00e1tico.<\/p>\n\n\n\n<p>Adem\u00e1s de exponer pol\u00edticas de reforestaci\u00f3n para los pr\u00f3ximos 30 a\u00f1os, con cifras muy ambiciosas como reforestar 2.500 Ha con 1.500.000 \u00e1rboles, y un objetivo de absorber 300.000 Tn de CO<sub>2<\/sub>, el Presidente Moreno Bonilla realiz\u00f3 una importante apuesta por la colaboraci\u00f3n p\u00fablico-privada.<\/p>\n\n\n\n<p>La Junta de Andaluc\u00eda apuesta por estimular a las empresas a que compensen sus emisiones y por brindarles mecanismos para hacerlo a trav\u00e9s de proyectos de compensaci\u00f3n que ser\u00e1n reconocidos por el Sistema Andaluz de Compensaci\u00f3n de Emisiones (SACE).<\/p>\n\n\n\n<p>Estos proyectos de compensaci\u00f3n estar\u00e1n abiertos, tambi\u00e9n, a los Gobiernos Locales que son a la vez emisores y propietarios de montes p\u00fablicos.<\/p>\n\n\n\n<figure class=\"wp-block-image size-large\"><img loading=\"lazy\" decoding=\"async\" width=\"1024\" height=\"473\" src=\"https:\/\/yuntas.eu\/wp-content\/uploads\/2025\/04\/Guterres-scientists-COP29-1024x473.jpeg\" alt=\"\" class=\"wp-image-1609\" srcset=\"https:\/\/yuntas.eu\/wp-content\/uploads\/2025\/04\/Guterres-scientists-COP29-1024x473.jpeg 1024w, https:\/\/yuntas.eu\/wp-content\/uploads\/2025\/04\/Guterres-scientists-COP29-300x139.jpeg 300w, https:\/\/yuntas.eu\/wp-content\/uploads\/2025\/04\/Guterres-scientists-COP29-768x355.jpeg 768w, https:\/\/yuntas.eu\/wp-content\/uploads\/2025\/04\/Guterres-scientists-COP29-1536x710.jpeg 1536w, https:\/\/yuntas.eu\/wp-content\/uploads\/2025\/04\/Guterres-scientists-COP29-1200x555.jpeg 1200w, https:\/\/yuntas.eu\/wp-content\/uploads\/2025\/04\/Guterres-scientists-COP29-600x277.jpeg 600w, https:\/\/yuntas.eu\/wp-content\/uploads\/2025\/04\/Guterres-scientists-COP29.jpeg 1761w\" sizes=\"auto, (max-width: 1024px) 100vw, 1024px\" \/><figcaption class=\"wp-element-caption\">El Secretario General de la ONU, Ant\u00f3nio Guterres, reunido con autoridades cient\u00edficas en la COP29<\/figcaption><\/figure>\n\n\n\n<p>El Presidente la Junta de Andaluc\u00eda puso como ejemplo a LIFE CO2RK, indicando que jugar\u00e1 un papel decisivo en el desarrollo de los mecanismos de compensaci\u00f3n necesarios y en la captaci\u00f3n de inversiones privadas en beneficio del alcornocal.<\/p>\n\n\n\n<p>Desde la Junta de Andaluc\u00eda se espera que LIFE CO2RK ponga a disposici\u00f3n de las empresas miles de hect\u00e1reas de montes privados, as\u00ed como herramientas para certificar la compensaci\u00f3n, inscribirla en un Registro Oficial y captar inversiones que compensen las emisiones con el Carbono que secuestra de la atm\u00f3sfera la gesti\u00f3n forestal sostenible que se realizan en los alcornocales m\u00e1s productivos.<\/p>\n\n\n\n<p>Una colaboraci\u00f3n p\u00fablico-privada en la que se quieren basar las pol\u00edticas ambientales y de lucha contra el Cambio Clim\u00e1tico de Andaluc\u00eda.<\/p>\n\n\n\n<figure class=\"wp-block-image size-large\"><img loading=\"lazy\" decoding=\"async\" width=\"1024\" height=\"312\" src=\"https:\/\/yuntas.eu\/wp-content\/uploads\/2025\/04\/Highest-dignataries-COP29-1024x312.jpg\" alt=\"\" class=\"wp-image-1614\" srcset=\"https:\/\/yuntas.eu\/wp-content\/uploads\/2025\/04\/Highest-dignataries-COP29-1024x312.jpg 1024w, https:\/\/yuntas.eu\/wp-content\/uploads\/2025\/04\/Highest-dignataries-COP29-300x92.jpg 300w, https:\/\/yuntas.eu\/wp-content\/uploads\/2025\/04\/Highest-dignataries-COP29-768x234.jpg 768w, https:\/\/yuntas.eu\/wp-content\/uploads\/2025\/04\/Highest-dignataries-COP29-1536x469.jpg 1536w, https:\/\/yuntas.eu\/wp-content\/uploads\/2025\/04\/Highest-dignataries-COP29-1200x366.jpg 1200w, https:\/\/yuntas.eu\/wp-content\/uploads\/2025\/04\/Highest-dignataries-COP29-600x183.jpg 600w, https:\/\/yuntas.eu\/wp-content\/uploads\/2025\/04\/Highest-dignataries-COP29.jpg 1999w\" sizes=\"auto, (max-width: 1024px) 100vw, 1024px\" \/><figcaption class=\"wp-element-caption\"><em>Presidentes de Gobierno y Primeros Ministros en la inauguraci\u00f3n de la COP29 en Bak\u00fa, Azerbay\u00e1n<\/em><\/figcaption><\/figure>\n","protected":false},"excerpt":{"rendered":"<p>El Presidente de la Junta de Andaluc\u00eda, Juan Manuel Moreno Bonilla, present\u00f3 el proyecto LIFE CO2RK a la\u00a0Conferencia de las Naciones Unidas sobre el Cambio Clim\u00e1tico COP29\u00a0que se celebr\u00f3 en Bak\u00fa (Azerbay\u00e1n) entre el 11 y el 22 de Noviembre de 2024. CO2RK fue uno de los dos ejemplos de la pol\u00edtica de compensaci\u00f3n de [&hellip;]<\/p>\n","protected":false},"featured_media":1603,"template":"","class_list":["post-1607","acciones-co2rk","type-acciones-co2rk","status-publish","has-post-thumbnail","hentry"],"acf":[],"_links":{"self":[{"href":"https:\/\/yuntas.eu\/it\/wp-json\/wp\/v2\/acciones-co2rk\/1607","targetHints":{"allow":["GET"]}}],"collection":[{"href":"https:\/\/yuntas.eu\/it\/wp-json\/wp\/v2\/acciones-co2rk"}],"about":[{"href":"https:\/\/yuntas.eu\/it\/wp-json\/wp\/v2\/types\/acciones-co2rk"}],"wp:featuredmedia":[{"embeddable":true,"href":"https:\/\/yuntas.eu\/it\/wp-json\/wp\/v2\/media\/1603"}],"wp:attachment":[{"href":"https:\/\/yuntas.eu\/it\/wp-json\/wp\/v2\/media?parent=1607"}],"curies":[{"name":"wp","href":"https:\/\/api.w.org\/{rel}","templated":true}]}}

<p>El Presidente de la Junta de Andalucía, Juan Manuel Moreno Bonilla, presentó el <a href="https://yuntas.eu/life-co2rk/"><strong>proyecto LIFE CO2RK</strong></a> a la <strong>Conferencia de las Naciones Unidas sobre el Cambio Climático COP29 </strong>que se celebró en Bakú (Azerbayán) entre el 11 y el 22 de Noviembre de 2024.</p>



<p>CO2RK fue uno de los dos ejemplos de la política de compensación de emisiones que quiere desarrollar Andalucía para liderar en España la Mitigación del Cambio Climático.</p>



<p>Además de exponer políticas de reforestación para los próximos 30 años, con cifras muy ambiciosas como reforestar 2.500 Ha con 1.500.000 árboles, y un objetivo de absorber 300.000 Tn de CO<sub>2</sub>, el Presidente Moreno Bonilla realizó una importante apuesta por la colaboración público-privada.</p>



<p>La Junta de Andalucía apuesta por estimular a las empresas a que compensen sus emisiones y por brindarles mecanismos para hacerlo a través de proyectos de compensación que serán reconocidos por el Sistema Andaluz de Compensación de Emisiones (SACE).</p>



<p>Estos proyectos de compensación estarán abiertos, también, a los Gobiernos Locales que son a la vez emisores y propietarios de montes públicos.</p>



<figure class="wp-block-image size-large"><img loading="lazy" decoding="async" width="1024" height="473" src="https://yuntas.eu/wp-content/uploads/2025/04/Guterres-scientists-COP29-1024x473.jpeg" alt="" class="wp-image-1609" srcset="https://yuntas.eu/wp-content/uploads/2025/04/Guterres-scientists-COP29-1024x473.jpeg 1024w, https://yuntas.eu/wp-content/uploads/2025/04/Guterres-scientists-COP29-300x139.jpeg 300w, https://yuntas.eu/wp-content/uploads/2025/04/Guterres-scientists-COP29-768x355.jpeg 768w, https://yuntas.eu/wp-content/uploads/2025/04/Guterres-scientists-COP29-1536x710.jpeg 1536w, https://yuntas.eu/wp-content/uploads/2025/04/Guterres-scientists-COP29-1200x555.jpeg 1200w, https://yuntas.eu/wp-content/uploads/2025/04/Guterres-scientists-COP29-600x277.jpeg 600w, https://yuntas.eu/wp-content/uploads/2025/04/Guterres-scientists-COP29.jpeg 1761w" sizes="auto, (max-width: 1024px) 100vw, 1024px" /><figcaption class="wp-element-caption">El Secretario General de la ONU, António Guterres, reunido con autoridades científicas en la COP29</figcaption></figure>



<p>El Presidente la Junta de Andalucía puso como ejemplo a LIFE CO2RK, indicando que jugará un papel decisivo en el desarrollo de los mecanismos de compensación necesarios y en la captación de inversiones privadas en beneficio del alcornocal.</p>



<p>Desde la Junta de Andalucía se espera que LIFE CO2RK ponga a disposición de las empresas miles de hectáreas de montes privados, así como herramientas para certificar la compensación, inscribirla en un Registro Oficial y captar inversiones que compensen las emisiones con el Carbono que secuestra de la atmósfera la gestión forestal sostenible que se realizan en los alcornocales más productivos.</p>



<p>Una colaboración público-privada en la que se quieren basar las políticas ambientales y de lucha contra el Cambio Climático de Andalucía.</p>



<figure class="wp-block-image size-large"><img loading="lazy" decoding="async" width="1024" height="312" src="https://yuntas.eu/wp-content/uploads/2025/04/Highest-dignataries-COP29-1024x312.jpg" alt="" class="wp-image-1614" srcset="https://yuntas.eu/wp-content/uploads/2025/04/Highest-dignataries-COP29-1024x312.jpg 1024w, https://yuntas.eu/wp-content/uploads/2025/04/Highest-dignataries-COP29-300x92.jpg 300w, https://yuntas.eu/wp-content/uploads/2025/04/Highest-dignataries-COP29-768x234.jpg 768w, https://yuntas.eu/wp-content/uploads/2025/04/Highest-dignataries-COP29-1536x469.jpg 1536w, https://yuntas.eu/wp-content/uploads/2025/04/Highest-dignataries-COP29-1200x366.jpg 1200w, https://yuntas.eu/wp-content/uploads/2025/04/Highest-dignataries-COP29-600x183.jpg 600w, https://yuntas.eu/wp-content/uploads/2025/04/Highest-dignataries-COP29.jpg 1999w" sizes="auto, (max-width: 1024px) 100vw, 1024px" /><figcaption class="wp-element-caption"><em>Presidentes de Gobierno y Primeros Ministros en la inauguración de la COP29 en Bakú, Azerbayán</em></figcaption></figure>

<p>El Presidente de la Junta de Andalucía, Juan Manuel Moreno Bonilla, presentó el proyecto LIFE CO2RK a la Conferencia de las Naciones Unidas sobre el Cambio Climático COP29 que se celebró en Bakú (Azerbayán) entre el 11 y el 22 de Noviembre de 2024. CO2RK fue uno de los dos ejemplos de la política de compensación de [&hellip;]</p>
