{"id":1933,"date":"2025-06-16T18:00:43","date_gmt":"2025-06-16T16:00:43","guid":{"rendered":"https:\/\/yuntas.eu\/?post_type=videos-co2rk&#038;p=1933"},"modified":"2025-06-16T18:04:47","modified_gmt":"2025-06-16T16:04:47","slug":"co2rk-y-las-politicas-forestales-ambientales-y-de-cambio-climatico-de-andalucia","status":"publish","type":"videos-co2rk","link":"https:\/\/yuntas.eu\/en\/videos-co2rk\/co2rk-y-las-politicas-forestales-ambientales-y-de-cambio-climatico-de-andalucia\/","title":{"rendered":"CO2RK y las pol\u00edticas forestales, ambientales y de Cambio Clim\u00e1tico de Andaluc\u00eda"},"content":{"rendered":"\n<p>El Director General de Pol\u00edtica Forestal de la Junta de Andaluc\u00eda, Juan Ram\u00f3n P\u00e9rez Valenzuela, explica c\u00f3mo LIFE CO2RK encaja en las pol\u00edticas forestales, ambientales y de Cambio Clim\u00e1tico de la Junta de Andaluc\u00eda.<\/p>\n","protected":false},"featured_media":1936,"template":"","class_list":["post-1933","videos-co2rk","type-videos-co2rk","status-publish","has-post-thumbnail","hentry"],"acf":[],"_links":{"self":[{"href":"https:\/\/yuntas.eu\/en\/wp-json\/wp\/v2\/videos-co2rk\/1933","targetHints":{"allow":["GET"]}}],"collection":[{"href":"https:\/\/yuntas.eu\/en\/wp-json\/wp\/v2\/videos-co2rk"}],"about":[{"href":"https:\/\/yuntas.eu\/en\/wp-json\/wp\/v2\/types\/videos-co2rk"}],"wp:featuredmedia":[{"embeddable":true,"href":"https:\/\/yuntas.eu\/en\/wp-json\/wp\/v2\/media\/1936"}],"wp:attachment":[{"href":"https:\/\/yuntas.eu\/en\/wp-json\/wp\/v2\/media?parent=1933"}],"curies":[{"name":"wp","href":"https:\/\/api.w.org\/{rel}","templated":true}]}}

CO2RK y las políticas forestales, ambientales y de Cambio Climático de Andalucía

<p>El Director General de Política Forestal de la Junta de Andalucía, Juan Ramón Pérez Valenzuela, explica cómo LIFE CO2RK encaja en las políticas forestales, ambientales y de Cambio Climático de la Junta de Andalucía.</p>
