{"id":1619,"date":"2025-04-06T14:52:02","date_gmt":"2025-04-06T12:52:02","guid":{"rendered":"https:\/\/yuntas.eu\/life-co2rk-actions\/life-co2rk-in-cop29\/"},"modified":"2026-03-04T18:49:12","modified_gmt":"2026-03-04T17:49:12","slug":"life-co2rk-in-cop29","status":"publish","type":"acciones-co2rk","link":"https:\/\/yuntas.eu\/en\/life-co2rk\/actions\/life-co2rk-in-cop29\/","title":{"rendered":"LIFE CO2RK in the COP29"},"content":{"rendered":"\n<p>El Presidente de la Junta de Andaluc\u00eda, Juan Manuel Moreno Bonilla, present\u00f3 el <a href=\"https:\/\/yuntas.eu\/life-co2rk\/\"><strong>proyecto LIFE CO2RK<\/strong><\/a> a la\u00a0<strong>Conferencia de las Naciones Unidas sobre el Cambio Clim\u00e1tico COP29\u00a0<\/strong>que se celebr\u00f3 en Bak\u00fa (Azerbay\u00e1n) entre el 11 y el 22 de Noviembre de 2024.<\/p>\n\n<p>CO2RK was one of two examples of the emissions offset policy that Andalusia aims to develop to lead Spain in climate change mitigation.<\/p>\n\n<p>In addition to outlining reforestation policies for the next 30 years, with ambitious goals such as reforesting 2,500 hectares with 1,500,000 trees and a goal of absorbing 300,000 tons of CO<sub>2<\/sub>, President Moreno Bonilla made a significant commitment to public-private partnerships.<\/p>\n\n<p>The Andalusian Regional Government is committed to encouraging companies to offset their emissions and providing them with mechanisms to do so through offset projects that will be recognized by the Andalusian Emissions Offsetting System (SACE).<\/p>\n\n<p>These compensation projects will also be open to local governments that are both GHG emitters and forests&#8217; owners.<\/p>\n\n<figure class=\"wp-block-image size-large\"><img loading=\"lazy\" decoding=\"async\" width=\"1024\" height=\"473\" src=\"https:\/\/yuntas.eu\/wp-content\/uploads\/2025\/04\/Guterres-scientists-COP29-1024x473.jpeg\" alt=\"\" class=\"wp-image-1609\" srcset=\"https:\/\/yuntas.eu\/wp-content\/uploads\/2025\/04\/Guterres-scientists-COP29-1024x473.jpeg 1024w, https:\/\/yuntas.eu\/wp-content\/uploads\/2025\/04\/Guterres-scientists-COP29-300x139.jpeg 300w, https:\/\/yuntas.eu\/wp-content\/uploads\/2025\/04\/Guterres-scientists-COP29-768x355.jpeg 768w, https:\/\/yuntas.eu\/wp-content\/uploads\/2025\/04\/Guterres-scientists-COP29-1536x710.jpeg 1536w, https:\/\/yuntas.eu\/wp-content\/uploads\/2025\/04\/Guterres-scientists-COP29-1200x555.jpeg 1200w, https:\/\/yuntas.eu\/wp-content\/uploads\/2025\/04\/Guterres-scientists-COP29-600x277.jpeg 600w, https:\/\/yuntas.eu\/wp-content\/uploads\/2025\/04\/Guterres-scientists-COP29.jpeg 1761w\" sizes=\"auto, (max-width: 1024px) 100vw, 1024px\" \/><figcaption class=\"wp-element-caption\">UN Secretary-General Ant\u00f3nio Guterres meets with scientific authorities at COP29<\/figcaption><\/figure>\n\n<p>The President of the Andalusian Regional Government cited LIFE CO2RK as an example, indicating that it will play a decisive role in developing the necessary compensation mechanisms and attracting private investment to benefit the cork oak forest.<\/p>\n\n<p>The Andalusian Regional Government expects LIFE CO2RK to make thousands of hectares of private forests available to companies, as well as tools to certify offsets, register them in an Official Registry, and attract investments that offset the carbon emissions sequestered from the atmosphere by sustainable forest management in the most productive cork oak forests.<\/p>\n\n<p>A public-private partnership that will serve as the foundation for Andalusia&#8217;s environmental and climate change policies.<\/p>\n\n<figure class=\"wp-block-image size-large\"><img loading=\"lazy\" decoding=\"async\" width=\"1024\" height=\"312\" src=\"https:\/\/yuntas.eu\/wp-content\/uploads\/2025\/04\/Highest-dignataries-COP29-1024x312.jpg\" alt=\"\" class=\"wp-image-1614\" srcset=\"https:\/\/yuntas.eu\/wp-content\/uploads\/2025\/04\/Highest-dignataries-COP29-1024x312.jpg 1024w, https:\/\/yuntas.eu\/wp-content\/uploads\/2025\/04\/Highest-dignataries-COP29-300x92.jpg 300w, https:\/\/yuntas.eu\/wp-content\/uploads\/2025\/04\/Highest-dignataries-COP29-768x234.jpg 768w, https:\/\/yuntas.eu\/wp-content\/uploads\/2025\/04\/Highest-dignataries-COP29-1536x469.jpg 1536w, https:\/\/yuntas.eu\/wp-content\/uploads\/2025\/04\/Highest-dignataries-COP29-1200x366.jpg 1200w, https:\/\/yuntas.eu\/wp-content\/uploads\/2025\/04\/Highest-dignataries-COP29-600x183.jpg 600w, https:\/\/yuntas.eu\/wp-content\/uploads\/2025\/04\/Highest-dignataries-COP29.jpg 1999w\" sizes=\"auto, (max-width: 1024px) 100vw, 1024px\" \/><figcaption class=\"wp-element-caption\"><em>Heads of Government and Prime Ministers at the opening of COP29 in Baku, Azerbaijan<\/em><\/figcaption><\/figure>\n","protected":false},"excerpt":{"rendered":"<p>El Presidente de la Junta de Andaluc\u00eda, Juan Manuel Moreno Bonilla, present\u00f3 el proyecto LIFE CO2RK a la\u00a0Conferencia de las Naciones Unidas sobre el Cambio Clim\u00e1tico COP29\u00a0que se celebr\u00f3 en Bak\u00fa (Azerbay\u00e1n) entre el 11 y el 22 de Noviembre de 2024. CO2RK was one of two examples of the emissions offset policy that Andalusia [&hellip;]<\/p>\n","protected":false},"featured_media":1604,"template":"","class_list":["post-1619","acciones-co2rk","type-acciones-co2rk","status-publish","has-post-thumbnail","hentry"],"acf":[],"_links":{"self":[{"href":"https:\/\/yuntas.eu\/en\/wp-json\/wp\/v2\/acciones-co2rk\/1619","targetHints":{"allow":["GET"]}}],"collection":[{"href":"https:\/\/yuntas.eu\/en\/wp-json\/wp\/v2\/acciones-co2rk"}],"about":[{"href":"https:\/\/yuntas.eu\/en\/wp-json\/wp\/v2\/types\/acciones-co2rk"}],"wp:featuredmedia":[{"embeddable":true,"href":"https:\/\/yuntas.eu\/en\/wp-json\/wp\/v2\/media\/1604"}],"wp:attachment":[{"href":"https:\/\/yuntas.eu\/en\/wp-json\/wp\/v2\/media?parent=1619"}],"curies":[{"name":"wp","href":"https:\/\/api.w.org\/{rel}","templated":true}]}}

<p>El Presidente de la Junta de Andalucía, Juan Manuel Moreno Bonilla, presentó el <a href="https://yuntas.eu/life-co2rk/"><strong>proyecto LIFE CO2RK</strong></a> a la <strong>Conferencia de las Naciones Unidas sobre el Cambio Climático COP29 </strong>que se celebró en Bakú (Azerbayán) entre el 11 y el 22 de Noviembre de 2024.</p>

<p>CO2RK was one of two examples of the emissions offset policy that Andalusia aims to develop to lead Spain in climate change mitigation.</p>

<p>In addition to outlining reforestation policies for the next 30 years, with ambitious goals such as reforesting 2,500 hectares with 1,500,000 trees and a goal of absorbing 300,000 tons of CO<sub>2</sub>, President Moreno Bonilla made a significant commitment to public-private partnerships.</p>

<p>The Andalusian Regional Government is committed to encouraging companies to offset their emissions and providing them with mechanisms to do so through offset projects that will be recognized by the Andalusian Emissions Offsetting System (SACE).</p>

<p>These compensation projects will also be open to local governments that are both GHG emitters and forests&#8217; owners.</p>

<figure class="wp-block-image size-large"><img loading="lazy" decoding="async" width="1024" height="473" src="https://yuntas.eu/wp-content/uploads/2025/04/Guterres-scientists-COP29-1024x473.jpeg" alt="" class="wp-image-1609" srcset="https://yuntas.eu/wp-content/uploads/2025/04/Guterres-scientists-COP29-1024x473.jpeg 1024w, https://yuntas.eu/wp-content/uploads/2025/04/Guterres-scientists-COP29-300x139.jpeg 300w, https://yuntas.eu/wp-content/uploads/2025/04/Guterres-scientists-COP29-768x355.jpeg 768w, https://yuntas.eu/wp-content/uploads/2025/04/Guterres-scientists-COP29-1536x710.jpeg 1536w, https://yuntas.eu/wp-content/uploads/2025/04/Guterres-scientists-COP29-1200x555.jpeg 1200w, https://yuntas.eu/wp-content/uploads/2025/04/Guterres-scientists-COP29-600x277.jpeg 600w, https://yuntas.eu/wp-content/uploads/2025/04/Guterres-scientists-COP29.jpeg 1761w" sizes="auto, (max-width: 1024px) 100vw, 1024px" /><figcaption class="wp-element-caption">UN Secretary-General António Guterres meets with scientific authorities at COP29</figcaption></figure>

<p>The President of the Andalusian Regional Government cited LIFE CO2RK as an example, indicating that it will play a decisive role in developing the necessary compensation mechanisms and attracting private investment to benefit the cork oak forest.</p>

<p>The Andalusian Regional Government expects LIFE CO2RK to make thousands of hectares of private forests available to companies, as well as tools to certify offsets, register them in an Official Registry, and attract investments that offset the carbon emissions sequestered from the atmosphere by sustainable forest management in the most productive cork oak forests.</p>

<p>A public-private partnership that will serve as the foundation for Andalusia&#8217;s environmental and climate change policies.</p>

<figure class="wp-block-image size-large"><img loading="lazy" decoding="async" width="1024" height="312" src="https://yuntas.eu/wp-content/uploads/2025/04/Highest-dignataries-COP29-1024x312.jpg" alt="" class="wp-image-1614" srcset="https://yuntas.eu/wp-content/uploads/2025/04/Highest-dignataries-COP29-1024x312.jpg 1024w, https://yuntas.eu/wp-content/uploads/2025/04/Highest-dignataries-COP29-300x92.jpg 300w, https://yuntas.eu/wp-content/uploads/2025/04/Highest-dignataries-COP29-768x234.jpg 768w, https://yuntas.eu/wp-content/uploads/2025/04/Highest-dignataries-COP29-1536x469.jpg 1536w, https://yuntas.eu/wp-content/uploads/2025/04/Highest-dignataries-COP29-1200x366.jpg 1200w, https://yuntas.eu/wp-content/uploads/2025/04/Highest-dignataries-COP29-600x183.jpg 600w, https://yuntas.eu/wp-content/uploads/2025/04/Highest-dignataries-COP29.jpg 1999w" sizes="auto, (max-width: 1024px) 100vw, 1024px" /><figcaption class="wp-element-caption"><em>Heads of Government and Prime Ministers at the opening of COP29 in Baku, Azerbaijan</em></figcaption></figure>

<p>El Presidente de la Junta de Andalucía, Juan Manuel Moreno Bonilla, presentó el proyecto LIFE CO2RK a la Conferencia de las Naciones Unidas sobre el Cambio Climático COP29 que se celebró en Bakú (Azerbayán) entre el 11 y el 22 de Noviembre de 2024. CO2RK was one of two examples of the emissions offset policy that Andalusia [&hellip;]</p>
