{"id":1599,"date":"2024-11-03T12:58:01","date_gmt":"2024-11-03T11:58:01","guid":{"rendered":"https:\/\/yuntas.eu\/life-co2rk-actions\/co2rk-welcomes-cinea-2\/"},"modified":"2025-08-12T16:10:56","modified_gmt":"2025-08-12T14:10:56","slug":"co2rk-welcomes-cinea-2","status":"publish","type":"acciones-co2rk","link":"https:\/\/yuntas.eu\/en\/life-co2rk\/actions\/co2rk-welcomes-cinea-2\/","title":{"rendered":"CO2RK welcomes CINEA"},"content":{"rendered":"\n<h3 class=\"wp-block-heading\">The Director of the European Climate, Environment and Infrastructure Executive Agency visits LIFE CO2RK<\/h3>\n\n\n\n<p>Paloma Aba Garrote, Director of the CINEA Agency, is ultimately responsible for the main EU research (Horizon Europe) and applied research (LIFE) programs.<\/p>\n\n\n<div class=\"wp-block-image\">\n<figure class=\"alignright size-full is-resized\"><img loading=\"lazy\" decoding=\"async\" width=\"898\" height=\"450\" src=\"https:\/\/yuntas.eu\/wp-content\/uploads\/2025\/08\/Catalina-Martin-y-Paloma-Aba-copia-1024x513-copia.webp\" alt=\"Catalina Mart\u00edn y Paloma Aba en el proyecto\" class=\"wp-image-2019\" style=\"width:567px;height:auto\" srcset=\"https:\/\/yuntas.eu\/wp-content\/uploads\/2025\/08\/Catalina-Martin-y-Paloma-Aba-copia-1024x513-copia.webp 898w, https:\/\/yuntas.eu\/wp-content\/uploads\/2025\/08\/Catalina-Martin-y-Paloma-Aba-copia-1024x513-copia-300x150.webp 300w, https:\/\/yuntas.eu\/wp-content\/uploads\/2025\/08\/Catalina-Martin-y-Paloma-Aba-copia-1024x513-copia-768x385.webp 768w, https:\/\/yuntas.eu\/wp-content\/uploads\/2025\/08\/Catalina-Martin-y-Paloma-Aba-copia-1024x513-copia-600x301.webp 600w\" sizes=\"auto, (max-width: 898px) 100vw, 898px\" \/><\/figure>\n<\/div>\n\n\n<p>During her visit to the Los Alcornocales National Park to learn about CO2RK, she was accompanied by the leadership of the Regional Ministry of Sustainability and Environment of the Andalusian Regional Government, led by the Regional Minister Catalina Garc\u00eda, the Deputy Regional Minister Sergio Arjona, Technical General Secretary Mar\u00eda L\u00f3pez, Director General of Forest Policy Juan Manuel Verdugo, and the Manager of the AMAYA Agency Javier de Torre. <\/p>\n\n\n\n<p>The host was Juan Manuel Fornell, Director of the LIFE CO2RK Project and the Los Alcornocales Natural Park, who, along with project partners such as the University of C\u00f3rdoba, the companies IDAF and YUNTAS, and the Marche Region of Italy, explained the objectives and progress of CO2RK.<\/p>\n\n\n\n<h4 class=\"wp-block-heading has-text-color has-link-color wp-elements-3dac0fcaaac4c949a6d642cd42b46b59\" style=\"color:#bb5e1d\"><a>Genesis of LIFE CO2RK: the role of the Los Alcornocales Natural Park technicians<\/a><\/h4>\n\n\n\n<p>Juan Manuel Fornell (NP Director) and Rafael S\u00e1nchez (manager of Public Forests in the NP) explained the origin of the project, years ago, in the search for solutions to the regression of the cork oak forest as a productive forest and biodiverse habitat, which is affected not only by pests such as &#8220;the Drought&#8221;, but also by changes in production models that in the medium term can put an end to these forest formations.<\/p>\n\n\n\n<p>Cork farming remains highly profitable, possibly the most profitable of all forestry operations in southern Europe. New managers are increasingly opting for hunting operations because they are easily outsourced and generate more regular income\u2014every year rather than every 9-10 years, even though the profit is much lower.<\/p>\n\n\n\n<p>The problem is that over-hunting and less dedication to caring for productive cork oak forests are preventing regeneration: there are hardly any young trees, because deer and fallow deer eat the trees that are born each year, and facilitate the transmission of fungi such as &#8220;Phytophtora&#8221; (responsible for &#8220;the Drought&#8221;). In fact, there are farms that have lost up to 80% of their cork oaks in the last 20 years.<\/p>\n\n\n\n<p>Emissions offsetting is a tool, not an end, to facilitate a return to cork farming, which has proven to be not only more profitable but also compatible with hunting and livestock farming when these do not exceed the thresholds traditionally assigned to them.<\/p>\n\n\n\n<h3 class=\"wp-block-heading has-vivid-green-cyan-color has-text-color has-link-color wp-elements-c647eeb9748f1f80d5dc181266a88370\">Visit to the Valdeinfierno Public Forests<\/h3>\n\n\n\n<figure class=\"wp-block-gallery has-nested-images columns-default is-cropped wp-block-gallery-1 is-layout-flex wp-block-gallery-is-layout-flex\">\n<figure class=\"wp-block-image size-full\"><img loading=\"lazy\" decoding=\"async\" width=\"711\" height=\"450\" data-id=\"2055\" src=\"https:\/\/yuntas.eu\/wp-content\/uploads\/2025\/08\/Rafa-explicando-al-grupo-1.webp\" alt=\"Rafa explicando al grupo\" class=\"wp-image-2055\" srcset=\"https:\/\/yuntas.eu\/wp-content\/uploads\/2025\/08\/Rafa-explicando-al-grupo-1.webp 711w, https:\/\/yuntas.eu\/wp-content\/uploads\/2025\/08\/Rafa-explicando-al-grupo-1-300x190.webp 300w, https:\/\/yuntas.eu\/wp-content\/uploads\/2025\/08\/Rafa-explicando-al-grupo-1-600x380.webp 600w\" sizes=\"auto, (max-width: 711px) 100vw, 711px\" \/><\/figure>\n<\/figure>\n\n\n\n<p class=\"has-text-color has-link-color has-small-font-size wp-elements-cdebca51034a012ff5326c7f64fbc48c\" style=\"color:#bb5e1d\"><em>In the image, from left: Lorenzo Federiconi (Marche Region), Juan Manuel Fornell (Director of the Alcornocales National Park and LIFE CO2RK), Rafael S\u00e1nchez Vela (Forestry Engineer of the Alcornocales Natural Park), Juan Carlos Gil (Environmental Agent in Alcornocales Natural Park), Miguel Gil (YUNTAS), Paloma Aba (Director of CINEA), Catalina Garc\u00eda (Ministry of Environment in the Regional Government of Andalusia), Mar\u00eda L\u00f3pez (Regional Government General Secretary of Environment and Climate Change), Juan Ram\u00f3n P\u00e9rez Valenzuela (General Director of Forestry Policy) and \u00d3scar Curtido (Territorial Delegate in C\u00e1diz of the Regional Government).<\/em><\/p>\n\n\n\n<h4 class=\"wp-block-heading has-text-color has-link-color wp-elements-047d5b3d945bd5545c2a5fbb85bfde59\" style=\"color:#c25b11\"><a>Pilot plots<\/a><\/h4>\n\n\n\n<p>Guillermo Palacios, senior researcher at the University of C\u00f3rdoba, explained the work currently underway, analyzing the CO2 absorption capacity of paired pilot plots:<\/p>\n\n\n\n<p>a) In a plot representative of oien of the six types of cork oak forests found in Spain and Portugal, the additional Carbon sequestration achieved with innovative forest management (based on traditional uses and techniques that have been abandoned in some areas) is under analysis. This is &#8220;carbon forestry,&#8221; focused on fixing the maximum amount of organic carbon in the soil, thus enhancing the fertility of farms and promoting the recovery of healthy cork oak forests with densities like those of the past.<\/p>\n\n\n\n<p>b) In a neighbouring plot, the sequestration achieved without applying these special Carbon forestry management is being compared to determine the &#8220;additionality&#8221; provided by Carbon forestry. Apparently healthy farms lack young cork oak trees and are not only more vulnerable to &#8220;La Seca&#8221; (the drought), but also have their economic profitability\u2014and ecological balance\u2014seriously compromised.<\/p>\n\n\n\n<h4 class=\"wp-block-heading has-text-color has-link-color wp-elements-a9732f2fcbec0c128209577924381a62\" style=\"color:#bb5e1d\">Carbon Silviculture<\/h4>\n\n\n\n<p>Miguel \u00c1ngel Lara (IDAF) explained the keys to this forest management system, which aims to maximize CO2 sequestration so that farms or nodal agencies that adopt it can attract investment from companies seeking to offset their emissions. These techniques are aimed at promoting the recovery of cork oak forests, the number of cork oak trees on each farm, and restoring cork exploitation to a balance with other sustainable uses (livestock farming, hunting).<\/p>\n\n\n\n<p>The profitability of cork oak forests will increase in the medium term, and offset investments will help financially sustain restoration efforts in the short term.<\/p>\n\n\n\n<h4 class=\"wp-block-heading has-text-color has-link-color wp-elements-05d911fdc6aff4598aa53228b35c3e16\" style=\"color:#bb5e1d\">The European dimension of CO2RK<\/h4>\n\n\n\n<p>Miguel Gil (YUNTAS) explained to the attendees that the design of LIFE CO2RK is focused on facilitating its implementation in any European region, and in fact, it has received interest from regions in Germany and Finland. Fundamental to this is the concept of CO2 sequestration in slow-growing forests, not only through the planting of new trees, but also through the enhancement of forest management (pruning, felling, clearing, and cork harvesting) necessary for the profitable and sustainable exploitation of these forests. These practices can be improved to maximize CO2 sequestration and attract investment through offsets.<\/p>\n\n\n\n<p>Slow-growing forests compensate for this slowness in tree development with a much richer biodiversity than conifer plantations, and this floral biodiversity, composed of vigorous scrubland, diverse trees (oaks and wild olive trees in the Alcornocales National Park, holm oaks, oaks, chestnut trees, beeches&#8230; in other regions) provides additional CO2 sequestration.<\/p>\n\n\n\n<figure class=\"wp-block-image size-full is-resized\"><img loading=\"lazy\" decoding=\"async\" width=\"801\" height=\"450\" src=\"https:\/\/yuntas.eu\/wp-content\/uploads\/2025\/08\/Gabriel-y-Juanma-explicando.webp\" alt=\"Gabriel y Juanma explicando el proyecto\" class=\"wp-image-2031\" style=\"width:845px;height:auto\" srcset=\"https:\/\/yuntas.eu\/wp-content\/uploads\/2025\/08\/Gabriel-y-Juanma-explicando.webp 801w, https:\/\/yuntas.eu\/wp-content\/uploads\/2025\/08\/Gabriel-y-Juanma-explicando-300x169.webp 300w, https:\/\/yuntas.eu\/wp-content\/uploads\/2025\/08\/Gabriel-y-Juanma-explicando-768x431.webp 768w, https:\/\/yuntas.eu\/wp-content\/uploads\/2025\/08\/Gabriel-y-Juanma-explicando-600x337.webp 600w\" sizes=\"auto, (max-width: 801px) 100vw, 801px\" \/><figcaption class=\"wp-element-caption\">Gabriel y Juanma explicando el proyecto<\/figcaption><\/figure>\n\n\n\n<p class=\"has-text-align-center has-text-color has-link-color has-small-font-size wp-elements-bddd613305ca74296ced7f303c00108c\" style=\"color:#bb5e1d\"><em>In the photo, from the left, Paloma Aba (CINEA), Catalina Garc\u00eda (Minister of Environment), Catalina de Miguel (Head of the Andalusian Regional Government Office in the EU) and Juan Manuel P\u00e9rez (Forestry Policy Director) listen to the explanations of Gabriel Guti\u00e9rrez (Technical Advisor to the General Director), Juan Manuel Fornell (Director of CO2RK and the Alcornocales Natural Park) and Rafael S\u00e1nchez Vela (Alcornocales National Park Engineer)<\/em><\/p>\n\n\n\n<p><\/p>\n","protected":false},"excerpt":{"rendered":"<p>The Director of CINEA, the European Climate, Environment and Infrastructure Executive Agency visits LIFE CO2RK<br \/>\nThis visit by the head of the EU&#8217;s environmental research arm is a clear endorsement of the project and its potential for Climate Change Mitigation through public-private collaboration.<\/p>\n","protected":false},"featured_media":1517,"template":"","class_list":["post-1599","acciones-co2rk","type-acciones-co2rk","status-publish","has-post-thumbnail","hentry"],"acf":[],"_links":{"self":[{"href":"https:\/\/yuntas.eu\/en\/wp-json\/wp\/v2\/acciones-co2rk\/1599","targetHints":{"allow":["GET"]}}],"collection":[{"href":"https:\/\/yuntas.eu\/en\/wp-json\/wp\/v2\/acciones-co2rk"}],"about":[{"href":"https:\/\/yuntas.eu\/en\/wp-json\/wp\/v2\/types\/acciones-co2rk"}],"wp:featuredmedia":[{"embeddable":true,"href":"https:\/\/yuntas.eu\/en\/wp-json\/wp\/v2\/media\/1517"}],"wp:attachment":[{"href":"https:\/\/yuntas.eu\/en\/wp-json\/wp\/v2\/media?parent=1599"}],"curies":[{"name":"wp","href":"https:\/\/api.w.org\/{rel}","templated":true}]}}

<h3 class="wp-block-heading">The Director of the European Climate, Environment and Infrastructure Executive Agency visits LIFE CO2RK</h3>



<p>Paloma Aba Garrote, Director of the CINEA Agency, is ultimately responsible for the main EU research (Horizon Europe) and applied research (LIFE) programs.</p>


<div class="wp-block-image">
<figure class="alignright size-full is-resized"><img loading="lazy" decoding="async" width="898" height="450" src="https://yuntas.eu/wp-content/uploads/2025/08/Catalina-Martin-y-Paloma-Aba-copia-1024x513-copia.webp" alt="Catalina Martín y Paloma Aba en el proyecto" class="wp-image-2019" style="width:567px;height:auto" srcset="https://yuntas.eu/wp-content/uploads/2025/08/Catalina-Martin-y-Paloma-Aba-copia-1024x513-copia.webp 898w, https://yuntas.eu/wp-content/uploads/2025/08/Catalina-Martin-y-Paloma-Aba-copia-1024x513-copia-300x150.webp 300w, https://yuntas.eu/wp-content/uploads/2025/08/Catalina-Martin-y-Paloma-Aba-copia-1024x513-copia-768x385.webp 768w, https://yuntas.eu/wp-content/uploads/2025/08/Catalina-Martin-y-Paloma-Aba-copia-1024x513-copia-600x301.webp 600w" sizes="auto, (max-width: 898px) 100vw, 898px" /></figure>
</div>


<p>During her visit to the Los Alcornocales National Park to learn about CO2RK, she was accompanied by the leadership of the Regional Ministry of Sustainability and Environment of the Andalusian Regional Government, led by the Regional Minister Catalina García, the Deputy Regional Minister Sergio Arjona, Technical General Secretary María López, Director General of Forest Policy Juan Manuel Verdugo, and the Manager of the AMAYA Agency Javier de Torre. </p>



<p>The host was Juan Manuel Fornell, Director of the LIFE CO2RK Project and the Los Alcornocales Natural Park, who, along with project partners such as the University of Córdoba, the companies IDAF and YUNTAS, and the Marche Region of Italy, explained the objectives and progress of CO2RK.</p>



<h4 class="wp-block-heading has-text-color has-link-color wp-elements-3dac0fcaaac4c949a6d642cd42b46b59" style="color:#bb5e1d"><a>Genesis of LIFE CO2RK: the role of the Los Alcornocales Natural Park technicians</a></h4>



<p>Juan Manuel Fornell (NP Director) and Rafael Sánchez (manager of Public Forests in the NP) explained the origin of the project, years ago, in the search for solutions to the regression of the cork oak forest as a productive forest and biodiverse habitat, which is affected not only by pests such as &#8220;the Drought&#8221;, but also by changes in production models that in the medium term can put an end to these forest formations.</p>



<p>Cork farming remains highly profitable, possibly the most profitable of all forestry operations in southern Europe. New managers are increasingly opting for hunting operations because they are easily outsourced and generate more regular income—every year rather than every 9-10 years, even though the profit is much lower.</p>



<p>The problem is that over-hunting and less dedication to caring for productive cork oak forests are preventing regeneration: there are hardly any young trees, because deer and fallow deer eat the trees that are born each year, and facilitate the transmission of fungi such as &#8220;Phytophtora&#8221; (responsible for &#8220;the Drought&#8221;). In fact, there are farms that have lost up to 80% of their cork oaks in the last 20 years.</p>



<p>Emissions offsetting is a tool, not an end, to facilitate a return to cork farming, which has proven to be not only more profitable but also compatible with hunting and livestock farming when these do not exceed the thresholds traditionally assigned to them.</p>



<h3 class="wp-block-heading has-vivid-green-cyan-color has-text-color has-link-color wp-elements-c647eeb9748f1f80d5dc181266a88370">Visit to the Valdeinfierno Public Forests</h3>



<figure class="wp-block-gallery has-nested-images columns-default is-cropped wp-block-gallery-1 is-layout-flex wp-block-gallery-is-layout-flex">
<figure class="wp-block-image size-full"><img loading="lazy" decoding="async" width="711" height="450" data-id="2055" src="https://yuntas.eu/wp-content/uploads/2025/08/Rafa-explicando-al-grupo-1.webp" alt="Rafa explicando al grupo" class="wp-image-2055" srcset="https://yuntas.eu/wp-content/uploads/2025/08/Rafa-explicando-al-grupo-1.webp 711w, https://yuntas.eu/wp-content/uploads/2025/08/Rafa-explicando-al-grupo-1-300x190.webp 300w, https://yuntas.eu/wp-content/uploads/2025/08/Rafa-explicando-al-grupo-1-600x380.webp 600w" sizes="auto, (max-width: 711px) 100vw, 711px" /></figure>
</figure>



<p class="has-text-color has-link-color has-small-font-size wp-elements-cdebca51034a012ff5326c7f64fbc48c" style="color:#bb5e1d"><em>In the image, from left: Lorenzo Federiconi (Marche Region), Juan Manuel Fornell (Director of the Alcornocales National Park and LIFE CO2RK), Rafael Sánchez Vela (Forestry Engineer of the Alcornocales Natural Park), Juan Carlos Gil (Environmental Agent in Alcornocales Natural Park), Miguel Gil (YUNTAS), Paloma Aba (Director of CINEA), Catalina García (Ministry of Environment in the Regional Government of Andalusia), María López (Regional Government General Secretary of Environment and Climate Change), Juan Ramón Pérez Valenzuela (General Director of Forestry Policy) and Óscar Curtido (Territorial Delegate in Cádiz of the Regional Government).</em></p>



<h4 class="wp-block-heading has-text-color has-link-color wp-elements-047d5b3d945bd5545c2a5fbb85bfde59" style="color:#c25b11"><a>Pilot plots</a></h4>



<p>Guillermo Palacios, senior researcher at the University of Córdoba, explained the work currently underway, analyzing the CO2 absorption capacity of paired pilot plots:</p>



<p>a) In a plot representative of oien of the six types of cork oak forests found in Spain and Portugal, the additional Carbon sequestration achieved with innovative forest management (based on traditional uses and techniques that have been abandoned in some areas) is under analysis. This is &#8220;carbon forestry,&#8221; focused on fixing the maximum amount of organic carbon in the soil, thus enhancing the fertility of farms and promoting the recovery of healthy cork oak forests with densities like those of the past.</p>



<p>b) In a neighbouring plot, the sequestration achieved without applying these special Carbon forestry management is being compared to determine the &#8220;additionality&#8221; provided by Carbon forestry. Apparently healthy farms lack young cork oak trees and are not only more vulnerable to &#8220;La Seca&#8221; (the drought), but also have their economic profitability—and ecological balance—seriously compromised.</p>



<h4 class="wp-block-heading has-text-color has-link-color wp-elements-a9732f2fcbec0c128209577924381a62" style="color:#bb5e1d">Carbon Silviculture</h4>



<p>Miguel Ángel Lara (IDAF) explained the keys to this forest management system, which aims to maximize CO2 sequestration so that farms or nodal agencies that adopt it can attract investment from companies seeking to offset their emissions. These techniques are aimed at promoting the recovery of cork oak forests, the number of cork oak trees on each farm, and restoring cork exploitation to a balance with other sustainable uses (livestock farming, hunting).</p>



<p>The profitability of cork oak forests will increase in the medium term, and offset investments will help financially sustain restoration efforts in the short term.</p>



<h4 class="wp-block-heading has-text-color has-link-color wp-elements-05d911fdc6aff4598aa53228b35c3e16" style="color:#bb5e1d">The European dimension of CO2RK</h4>



<p>Miguel Gil (YUNTAS) explained to the attendees that the design of LIFE CO2RK is focused on facilitating its implementation in any European region, and in fact, it has received interest from regions in Germany and Finland. Fundamental to this is the concept of CO2 sequestration in slow-growing forests, not only through the planting of new trees, but also through the enhancement of forest management (pruning, felling, clearing, and cork harvesting) necessary for the profitable and sustainable exploitation of these forests. These practices can be improved to maximize CO2 sequestration and attract investment through offsets.</p>



<p>Slow-growing forests compensate for this slowness in tree development with a much richer biodiversity than conifer plantations, and this floral biodiversity, composed of vigorous scrubland, diverse trees (oaks and wild olive trees in the Alcornocales National Park, holm oaks, oaks, chestnut trees, beeches&#8230; in other regions) provides additional CO2 sequestration.</p>



<figure class="wp-block-image size-full is-resized"><img loading="lazy" decoding="async" width="801" height="450" src="https://yuntas.eu/wp-content/uploads/2025/08/Gabriel-y-Juanma-explicando.webp" alt="Gabriel y Juanma explicando el proyecto" class="wp-image-2031" style="width:845px;height:auto" srcset="https://yuntas.eu/wp-content/uploads/2025/08/Gabriel-y-Juanma-explicando.webp 801w, https://yuntas.eu/wp-content/uploads/2025/08/Gabriel-y-Juanma-explicando-300x169.webp 300w, https://yuntas.eu/wp-content/uploads/2025/08/Gabriel-y-Juanma-explicando-768x431.webp 768w, https://yuntas.eu/wp-content/uploads/2025/08/Gabriel-y-Juanma-explicando-600x337.webp 600w" sizes="auto, (max-width: 801px) 100vw, 801px" /><figcaption class="wp-element-caption">Gabriel y Juanma explicando el proyecto</figcaption></figure>



<p class="has-text-align-center has-text-color has-link-color has-small-font-size wp-elements-bddd613305ca74296ced7f303c00108c" style="color:#bb5e1d"><em>In the photo, from the left, Paloma Aba (CINEA), Catalina García (Minister of Environment), Catalina de Miguel (Head of the Andalusian Regional Government Office in the EU) and Juan Manuel Pérez (Forestry Policy Director) listen to the explanations of Gabriel Gutiérrez (Technical Advisor to the General Director), Juan Manuel Fornell (Director of CO2RK and the Alcornocales Natural Park) and Rafael Sánchez Vela (Alcornocales National Park Engineer)</em></p>



<p></p>
